actor of 407 and 1135937?
407
What is the greatest common divisor of 8768 and 2509840?
2192
Calculate the greatest common factor of 1015 and 1295.
35
What is the greatest common divisor of 1057 and 56?
7
What is the highest common factor of 8567 and 117?
13
What is the highest common divisor of 28 and 1229354?
14
What is the highest common divisor of 31 and 3767?
1
What is the highest common divisor of 465702 and 6?
6
Calculate the greatest common divisor of 2433 and 1517381.
811
What is the highest common divisor of 234 and 24154?
26
Calculate the highest common factor of 4095 and 7280.
455
What is the greatest common divisor of 41220 and 45?
45
What is the greatest common factor of 402616 and 136?
8
What is the highest common factor of 10680 and 3120?
120
Calculate the highest common factor of 75510 and 10907.
839
What is the greatest common divisor of 128094 and 888?
222
Calculate the greatest common divisor of 672 and 344400.
336
What is the highest common divisor of 30277 and 663?
221
What is the greatest common factor of 10184 and 72896?
536
What is the greatest common divisor of 106936 and 8?
8
Calculate the highest common divisor of 50468 and 868.
124
What is the greatest common divisor of 44 and 115120?
4
Calculate the greatest common divisor of 9430 and 30.
10
Calculate the highest common factor of 1625916 and 946.
86
Calculate the highest common divisor of 162 and 5057478.
162
What is the greatest common factor of 1296 and 610704?
144
Calculate the greatest common factor of 1340 and 19162.
134
Calculate the highest common factor of 204 and 2244.
204
Calculate the greatest common divisor of 658682 and 782.
34
What is the greatest common factor of 5 and 6410?
5
What is the greatest common factor of 4 and 3623?
1
What is the highest common divisor of 1725 and 184230?
345
What is the highest common factor of 288 and 104184?
72
Calculate the highest common divisor of 4826 and 1976.
38
Calculate the highest common divisor of 178 and 815774.
178
Calculate the greatest common factor of 64 and 15472.
16
Calculate the greatest common divisor of 722 and 26562.
38
Calculate the greatest common divisor of 7922250 and 70.
70
Calculate the greatest common factor of 648 and 20601.
27
What is the highest common divisor of 221283 and 31001?
1069
Calculate the greatest common divisor of 116 and 3219.
29
Calculate the greatest common factor of 7860 and 23568.
12
Calculate the highest common factor of 214 and 852683.
107
What is the greatest common factor of 142 and 22?
2
Calculate the greatest common factor of 608 and 188366.
38
Calculate the highest common divisor of 732 and 684.
12
Calculate the greatest common divisor of 226 and 1071127.
113
Calculate the greatest common divisor of 99682 and 92.
46
What is the greatest common divisor of 6254 and 75697?
59
Calculate the highest common factor of 14090 and 730.
10
What is the highest common divisor of 1653 and 2117?
29
What is the greatest common factor of 14925 and 2388?
597
Calculate the greatest common factor of 41636 and 105577.
1487
What is the greatest common factor of 24030 and 7290?
270
Calculate the highest common factor of 550 and 143495.
55
Calculate the greatest common divisor of 1989 and 27.
9
Calculate the greatest common divisor of 51 and 1593087.
51
Calculate the highest common factor of 14094 and 6786.
522
Calculate the highest common divisor of 340 and 151230.
10
What is the greatest common factor of 1159417 and 119?
119
Calculate the greatest common factor of 23220 and 120.
60
What is the greatest common divisor of 9148 and 20?
4
What is the greatest common factor of 310 and 133455?
155
What is the greatest common divisor of 1604483 and 29?
29
What is the highest common divisor of 12 and 7984?
4
What is the greatest common factor of 5200 and 3360?
80
What is the highest common factor of 1980018 and 36?
18
What is the highest common divisor of 196 and 29428?
28
What is the highest common factor of 38386 and 1700?
34
What is the greatest common divisor of 213 and 2080371?
213
What is the highest common factor of 18 and 1337211?
9
Calculate the highest common factor of 9 and 22653.
9
Calculate the greatest common factor of 168 and 475181.
7
Calculate the highest common factor of 162447 and 519.
519
What is the greatest common divisor of 128 and 13576?
8
Calculate the greatest common factor of 15562 and 4154.
62
Calculate the highest common divisor of 4439 and 3243.
23
Calculate the highest common factor of 57352 and 17152.
536
Calculate the greatest common divisor of 14890 and 50.
10
Calculate the greatest common divisor of 130 and 81653.
13
What is the greatest common factor of 288830 and 68?
34
What is the greatest common divisor of 8512 and 22078?
266
What is the greatest common divisor of 7936 and 62?
62
What is the highest common factor of 528 and 5136?
48
What is the greatest common divisor of 207765 and 108?
27
What is the greatest common divisor of 1736 and 744?
248
What is the highest common factor of 3456 and 10422?
54
Calculate the highest common divisor of 698574 and 1038.
1038
Calculate the greatest common divisor of 147663 and 243.
81
Calculate the highest common divisor of 290 and 174754.
58
Calculate the greatest common factor of 64692 and 34.
2
What is the highest common divisor of 13 and 6604?
13
What is the greatest common divisor of 10 and 974240?
10
Calculate the highest common divisor of 12994 and 1022.
146
Calculate the highest common divisor of 1516 and 8215204.
1516
What is the greatest common divisor of 80528 and 24?
8
What is the highest common factor of 5673 and 18849?
183
Calculate the greatest common divisor of 4896 and 18972.
612
What is the highest common divisor of 4796 and 11?
11
Calculate the highest common factor of 5188960 and 791.
791
What is the highest common divisor of 3927 and 33?
33
Calculate the greatest common factor of 3 and 45293.
1
What is the highest common divisor of 72312 and 483?
69
What is the greatest common factor of 1701 and 10611?
81
Calculate the highest common divisor of 16954 and 2009.
49
What is the greatest common divisor of 548526 and 297?
33
What is the greatest common divisor of 10 and 6694?
2
What is the greatest common factor of 680020 and 484?
484
What is the greatest common divisor of 15 and 16365?
15
What is the highest common factor of 55 and 120351?
11
What is the greatest common factor of 15040 and 517?
47
Calculate the highest common factor of 1508628 and 484.
484
Calculate the greatest common factor of 1071000 and 75.
75
What is the highest common divisor of 72 and 1040352?
24
Calculate the highest common factor of 65 and 6220.
5
Calculate the highest common factor of 1852 and 32.
4
What is the greatest common factor of 5525 and 272675?
325
Calculate the greatest common divisor of 940 and 106972.
188
Calculate the greatest common divisor of 1952 and 1045174.
122
Calculate the greatest common divisor of 71805 and 405.
15
Calculate the greatest common divisor of 544 and 1037.
17
Calculate the highest common divisor of 432 and 12204.
108
Calculate the highest common divisor of 74 and 220557.
37
What is the highest common divisor of 88072 and 12524?
404
What is the highest common factor of 253 and 15870?
23
Calculate the greatest common factor of 24961 and 6870.
229
What is the greatest common factor of 2249135 and 7160?
895
Calculate the highest common divisor of 1562 and 13992.
22
What is the greatest common divisor of 2640 and 948?
12
What is the greatest common factor of 379918 and 154?
154
Calculate the highest common factor of 726 and 42702.
66
What is the greatest common divisor of 98175 and 70?
35
What is the highest common divisor of 1195 and 26051?
239
Calculate the highest common divisor of 24 and 1595.
1
What is the greatest common factor of 84 and 55832?
28
Calculate the highest common divisor of 1855 and 78281.
371
Calculate the highest common divisor of 580 and 21656.
4
What is the highest common divisor of 162 and 893187?
81
What is the greatest common factor of 60448 and 2208?
32
What is the greatest common factor of 2645670 and 40?
10
Calculate the greatest common divisor of 60347 and 296.
37
What is the greatest common divisor of 388 and 107670?
194
What is the highest common factor of 516 and